. Let s(j) = -10*j + 64. Let h be s(6). What is the greatest common divisor of h and n?
2
Let h = 827 - 463. Suppose 3*c = 4*w - h, 0*w - 5*c = -2*w + 182. What is the greatest common factor of w and 14?
7
Let d = -323 + 327. Let z be 304 + (3 - 19)/d. What is the highest common divisor of 180 and z?
60
Let t be (-4)/10 + 1102/5. Let h = t + -214. What is the greatest common divisor of h and 6?
6
Let s(u) = u - 5. Let x be s(11). Suppose -27 - 3 = x*v. Let k be (-16)/(-40) - 18/v. Calculate the greatest common factor of 10 and k.
2
Suppose -2*t - 137 = 3*k, -2*t + 46 = -k + 3. Let v be (k/(-12))/((-13)/(-208)). What is the highest common factor of 9 and v?
3
Let o = -11941 - -12009. What is the highest common divisor of o and 49096?
68
Suppose 5*b + 59*u - 170 = 60*u, 0 = u + 5. Calculate the highest common factor of 781 and b.
11
Suppose 0 = 7*i - 5*i - 4, f + 4*i = 95. Let n = f - 84. What is the highest common factor of 9 and n?
3
Let c = 139 - -339. Let b = 39 + -37. Suppose 4*i + 4*t = t + c, 2*i = -b*t + 238. What is the highest common factor of 11 and i?
11
Let n be (-2 - (0 - -5))*-1. Suppose -n*p = -10*p - 3*h + 42, 4*p = 5*h + 20. Suppose g + 3*g - 120 = 0. Calculate the highest common divisor of g and p.
10
Let c be 10 + (-240)/10 + 174. Calculate the greatest common divisor of 928 and c.
32
Let g(l) = l**3 + 62*l**2 + 474*l - 178. Let u be g(-52). Calculate the greatest common factor of u and 450.
18
Suppose -846*r - 1539 = -903*r. Let l(m) = 2*m**2 + 24*m - 23. Let q be l(-20). Calculate the greatest common factor of r and q.
27
Let k be ((18426/(-14))/(-3) - 2) + (-2)/(-7). What is the greatest common divisor of k and 133?
19
Let i(r) = 215*r - 1660. Let d be i(8). What is the highest common factor of d and 6330?
30
Let p(v) = -21*v + 572. Let j be p(0). Suppose -5*c + 4*i = -256, 3*i + 153 = 9*c - 6*c. Calculate the highest common divisor of j and c.
52
Let k be ((-8)/24)/(4/(-468)). Suppose -13*g - k = -312. What is the greatest common factor of g and 42?
21
Let f = -23642 - -23693. Calculate the greatest common factor of 1411 and f.
17
Let n(f) = 4*f**2 + 275*f - 61. Let t be n(-69). Calculate the highest common factor of 7552 and t.
8
Let d be ((-2438)/6 + 5)/(-2 + 25/15). What is the highest common divisor of d and 56?
28
Suppose -12*x = -13*x - 5*x + 2100. What is the highest common factor of 140 and x?
70
Let x = -438 - -627. Suppose -5*y = 25, -4*y - 291 - x = -2*n. What is the greatest common factor of n and 138?
46
Suppose 0 = 5*d - 125 - 100. Suppose -1996 = -10*l + 2054. Calculate the highest common factor of l and d.
45
Suppose 3*a = 9, -b - 4*b - 1104 = -3*a. Let n = b + 244. What is the highest common divisor of n and 1?
1
Suppose 0 = 4*a, -4*d - 5*a = -0*d - 28359 + 7367. What is the highest common divisor of d and 8?
8
Let u(x) = 123*x - 1645. Let h be u(14). Calculate the highest common factor of h and 55.
11
Let g = -6 - -11. Suppose -4*q + 100 = -v, g*v = 3*q - 47 - 45. Suppose 15*l = 18*l - 5*f - 13, -11 = -l - 5*f. What is the greatest common divisor of l and q?
6
Suppose -38*t + 4402 = 33*t. Suppose -5*z + 161 = -4*b + 18, -3*b = -z + 22. Calculate the highest common divisor of t and z.
31
Let k be (-8)/28 + (-187608)/(-28). Suppose -k = 12*f - 22*f. Suppose n - 6*n + f = 5*g, 0 = -2*g - n + 263. What is the highest common divisor of g and 86?
43
Suppose 35*t - 104652 = -8*t - 71*t. What is the greatest common factor of 72 and t?
18
Suppose 4*a - 20 = -8, -2*a = x - 2692. Calculate the greatest common factor of 632 and x.
158
Let o = 4 - 0. Let q(i) = i**3 + 58*i**2 - 45*i + 846. Let f be q(-59). Calculate the greatest common divisor of f and o.
4
Suppose 48*s - 202 = 46*s. Suppose -340 - 104 = 6*i. Let v = s + i. Calculate the greatest common factor of 63 and v.
9
Suppose 55*c - 7364 = 21346. Calculate the highest common factor of 1392 and c.
174
Let i = 7 + 62. Let n be -13 - (7 - (-13479)/(-12) - (-42)/(-56)). What is the highest common factor of i and n?
69
Let g(w) = -64*w - 32. Let r be g(-5). Suppose -60 = 19*j - r. Let v = 50 - -34. Calculate the greatest common divisor of v and j.
12
Let o(b) = 55*b + 5551. Let s be o(0). Calculate the highest common factor of 52 and s.
13
Suppose -3*q + q = 2*f + 12, 2*f + 16 = -4*q. Let d be f*3/(-6)*4. Let o be d/(-2) - (-6 - 4). Calculate the greatest common divisor of 48 and o.
6
Suppose 0 = -2*n + 38*p - 34*p + 8074, 0 = -5*n - 4*p + 20213. Calculate the greatest common factor of 27 and n.
9
Suppose 7*g - 24 = g. Suppose 0 = -8*i + g*i + 28. Suppose 0 = 2*k + i*k - 72. What is the greatest common factor of 3 and k?
1
Suppose 11*y - 3*y - 46032 = 0. Suppose -28*g + 5026 + y = 0. What is the highest common divisor of 35 and g?
35
Let o be (-66150)/(-750)*(-10)/(-3). Suppose -782 = -2*f - b - b, -2*b - 2 = 0. Calculate the greatest common divisor of f and o.
98
Let p = 31635 - 24988. Calculate the highest common divisor of 391 and p.
391
Suppose 4*m + 4*t - 269 - 55 = 0, -t = -1. What is the highest common factor of m and 6032?
16
Let u = -2650 + 2677. Calculate the highest common divisor of u and 72.
9
Suppose 4*g = 126 + 210. Suppose 3*y = 235 + 14. Suppose -l - y = -293. What is the highest common factor of g and l?
42
Let x(n) = 2*n**2 + n - 4. Let w be x(-2). Let p be -38*w/16*-16. What is the greatest common divisor of 19 and p?
19
Let t(v) be the second derivative of -7*v**3/6 - 16*v**2 - v. Suppose 52*m + 121 = -399. Let y be t(m). Calculate the greatest common factor of 57 and y.
19
Let k = 200 - 152. Let a be -2*(-5 + 43) - 1. Let l = 81 + a. Calculate the greatest common divisor of l and k.
4
Suppose 18*i + 62450 = 4*r + 17*i, i = 8*r - 124906. What is the highest common divisor of 74 and r?
74
Let c be (252/(-210))/(2/45). Let m = c + 33. Calculate the highest common divisor of m and 105.
3
Suppose -3*v - 378 = -9*v. Let a be 3*(-3)/v - (-2190)/42. What is the highest common divisor of a and 182?
26
Let l(o) = 79 - 46 - 7*o**3 - 17*o**2 + 4*o**3 + 3*o + 4*o**3. Let v be l(19). Calculate the highest common divisor of 7 and v.
7
Let l = -39 - -40. Let k be 1 - 94/(l - 3). Calculate the highest common factor of k and 128.
16
Let q(d) = -d**2 + 2*d + 30. Let a be q(6). Suppose -b = -a*b + c + 805, 4*c = 0. What is the greatest common divisor of 23 and b?
23
Let o = -10758 + 11880. Calculate the highest common divisor of o and 510.
102
Let d(b) = -b**3 - 8*b**2 + 33*b - 24. Let m be d(-11). Let y be -65*((-1)/(-8) - (-171)/m). Calculate the highest common divisor of y and 35.
35
Let a = -14742 + 14750. Calculate the greatest common divisor of a and 19.
1
Suppose 0 = 2*b + b + a - 559, -5*b + 943 = -4*a. Let d = 192 - b. Calculate the greatest common divisor of 45 and d.
5
Let d(s) = -34*s - 168. Let l be d(-7). Suppose 3*h = 6*b - 4*b - 73, 2*b - 2*h - l = 0. Calculate the greatest common factor of b and 112.
16
Suppose 99*c - 9 = 90*c. Let q = -8 - -13. Suppose 0 = -t + q*t - 4. What is the greatest common factor of c and t?
1
Let q(x) = 3*x**2 + 43*x + 25. Let v be q(-17). Let n = -157 + v. Suppose 0 = 4*s - 17 - 15. Calculate the greatest common divisor of s and n.
4
Suppose 18*s = -85*s + 57680. What is the highest common divisor of 2660 and s?
140
Suppose -8 = c + 21. Let k(n) = -n**2 - 33*n + 1. Let w be k(c). Calculate the highest common divisor of 13 and w.
13
Let x(r) = -r**2 + 124*r - 2133. Let z be x(21). Let o(q) = q**2 - 6. Let t be o(6). Calculate the highest common divisor of z and t.
30
Let a = 57 + -57. Suppose -r + f + 227 = 5*f, 5*r - 2*f - 1157 = a. Suppose p = -0*p + 21. Calculate the highest common factor of r and p.
21
Suppose 0 = -2*i + 7*i + 15. Let v = 48 + i. Let s be 2241/83 + (0 - 9). Calculate the greatest common factor of s and v.
9
Suppose 3*g + 203 = w + 6*g, g + 223 = w. Let p = w - 166. Calculate the highest common divisor of 52 and p.
52
Suppose -2*t - 7 + 5 = 0, -22 = 4*g + 2*t. Let l be (-20)/(-1)*(16/g - -4). Let f be (23 - -1)*2/3. What is the highest common divisor of f and l?
16
Suppose 456 - 36 = -28*n. Let c = 51 + n. What is the highest common divisor of 156 and c?
12
Let h be (66/18 - 4)*-15. Suppose h*d = -4*w + 29, 3*w - d = 2*d - 12. Calculate the highest common factor of w and 15.
1
Let m be (-43 + (-